{"id":71,"date":"2025-01-19T09:15:27","date_gmt":"2025-01-19T09:15:27","guid":{"rendered":"https:\/\/mitbyggeri.dk\/?page_id=71"},"modified":"2025-01-19T11:11:06","modified_gmt":"2025-01-19T11:11:06","slug":"hvad-er-mitbyggeri","status":"publish","type":"page","link":"https:\/\/mitbyggeri.dk\/?page_id=71","title":{"rendered":"Hvad er Mitbyggeri?"},"content":{"rendered":"<h2 style=\"text-align: center;\">Din kundeservice platform<\/h2>\n\n\n<div class=\"wp-block-columns is-layout-flex wp-container-core-columns-is-layout-28f84493 wp-block-columns-is-layout-flex\">\n<div class=\"wp-block-column is-layout-flow wp-block-column-is-layout-flow\"><\/div>\n\n\n\n<div class=\"wp-block-column is-layout-flow wp-block-column-is-layout-flow\"><\/div>\n\n\n\n<div class=\"wp-block-column is-layout-flow wp-block-column-is-layout-flow\"><\/div>\n<\/div>\n\n\n\n<div class=\"wp-block-columns is-layout-flex wp-container-core-columns-is-layout-28f84493 wp-block-columns-is-layout-flex\">\n<div class=\"wp-block-column is-layout-flow wp-block-column-is-layout-flow\">\n<figure class=\"wp-block-image size-full\"><img loading=\"lazy\" decoding=\"async\" width=\"512\" height=\"276\" src=\"https:\/\/mitbyggeri.dk\/wp-content\/uploads\/2025\/01\/image.png\" alt=\"\" class=\"wp-image-115\" srcset=\"https:\/\/mitbyggeri.dk\/wp-content\/uploads\/2025\/01\/image.png 512w, https:\/\/mitbyggeri.dk\/wp-content\/uploads\/2025\/01\/image-300x162.png 300w\" sizes=\"auto, (max-width: 512px) 100vw, 512px\" \/><figcaption class=\"wp-element-caption\"><strong>Salgsfasen<\/strong>&nbsp;med inspiration, dialog, skitser, tilbud og endelig kontrakt<\/figcaption><\/figure>\n<\/div>\n\n\n\n<div class=\"wp-block-column is-layout-flow wp-block-column-is-layout-flow\">\n<figure class=\"wp-block-image size-full\"><img loading=\"lazy\" decoding=\"async\" width=\"513\" height=\"277\" src=\"https:\/\/mitbyggeri.dk\/wp-content\/uploads\/2025\/01\/image-1.png\" alt=\"\" class=\"wp-image-117\" srcset=\"https:\/\/mitbyggeri.dk\/wp-content\/uploads\/2025\/01\/image-1.png 513w, https:\/\/mitbyggeri.dk\/wp-content\/uploads\/2025\/01\/image-1-300x162.png 300w\" sizes=\"auto, (max-width: 513px) 100vw, 513px\" \/><figcaption class=\"wp-element-caption\"><strong>Byggefasen<\/strong>&nbsp;med godkendelser, tegninger,&nbsp; og opdatering af byggeforl\u00f8b<\/figcaption><\/figure>\n<\/div>\n<\/div>\n\n\n\n<figure class=\"wp-block-image size-full is-resized\"><img loading=\"lazy\" decoding=\"async\" width=\"512\" height=\"512\" src=\"https:\/\/mitbyggeri.dk\/wp-content\/uploads\/2025\/01\/cropped-cropped-farve-bomaerke.png\" alt=\"\" class=\"wp-image-30\" style=\"width:40px\" srcset=\"https:\/\/mitbyggeri.dk\/wp-content\/uploads\/2025\/01\/cropped-cropped-farve-bomaerke.png 512w, https:\/\/mitbyggeri.dk\/wp-content\/uploads\/2025\/01\/cropped-cropped-farve-bomaerke-300x300.png 300w, https:\/\/mitbyggeri.dk\/wp-content\/uploads\/2025\/01\/cropped-cropped-farve-bomaerke-150x150.png 150w, https:\/\/mitbyggeri.dk\/wp-content\/uploads\/2025\/01\/cropped-cropped-farve-bomaerke-270x270.png 270w, https:\/\/mitbyggeri.dk\/wp-content\/uploads\/2025\/01\/cropped-cropped-farve-bomaerke-192x192.png 192w, https:\/\/mitbyggeri.dk\/wp-content\/uploads\/2025\/01\/cropped-cropped-farve-bomaerke-180x180.png 180w, https:\/\/mitbyggeri.dk\/wp-content\/uploads\/2025\/01\/cropped-cropped-farve-bomaerke-32x32.png 32w\" sizes=\"auto, (max-width: 512px) 100vw, 512px\" \/><\/figure>\n\n\n\n<p><strong>Vores f\u00e6lles digitale skrivebord<\/strong><\/p>\n\n\n\n<p>Det samlede byggeforl\u00f8b tager typisk flere \u00e5r fra byggeid\u00e9 til f\u00e6rdigt hus. Din Bygge App hj\u00e6lper med at holde styr p\u00e5 alle aftaler og detaljer .. og med simpel adgang p\u00e5 mobilen<\/p>\n\n\n\n<figure class=\"wp-block-image size-full is-resized\"><img loading=\"lazy\" decoding=\"async\" width=\"512\" height=\"512\" src=\"https:\/\/mitbyggeri.dk\/wp-content\/uploads\/2025\/01\/cropped-cropped-farve-bomaerke.png\" alt=\"\" class=\"wp-image-30\" style=\"width:40px;height:auto\" srcset=\"https:\/\/mitbyggeri.dk\/wp-content\/uploads\/2025\/01\/cropped-cropped-farve-bomaerke.png 512w, https:\/\/mitbyggeri.dk\/wp-content\/uploads\/2025\/01\/cropped-cropped-farve-bomaerke-300x300.png 300w, https:\/\/mitbyggeri.dk\/wp-content\/uploads\/2025\/01\/cropped-cropped-farve-bomaerke-150x150.png 150w, https:\/\/mitbyggeri.dk\/wp-content\/uploads\/2025\/01\/cropped-cropped-farve-bomaerke-270x270.png 270w, https:\/\/mitbyggeri.dk\/wp-content\/uploads\/2025\/01\/cropped-cropped-farve-bomaerke-192x192.png 192w, https:\/\/mitbyggeri.dk\/wp-content\/uploads\/2025\/01\/cropped-cropped-farve-bomaerke-180x180.png 180w, https:\/\/mitbyggeri.dk\/wp-content\/uploads\/2025\/01\/cropped-cropped-farve-bomaerke-32x32.png 32w\" sizes=\"auto, (max-width: 512px) 100vw, 512px\" \/><\/figure>\n\n\n\n<p><strong>Enkel adgang til dem du inviterer<\/strong><\/p>\n\n\n\n<p>Mange er involverede i byggeforl\u00f8bet. Medarbejdere, samarbejdspartnere og byggekunder gives adgang med kundelogin til netop deres bygge side, hvor de l\u00f8bende kan holde sig orienteret.<\/p>\n\n\n\n<hr class=\"wp-block-separator has-alpha-channel-opacity\"\/>\n\n\n\n<p class=\"has-text-align-center\"><strong><em>13 procent af tiden i et byggefirma bliver brugt p\u00e5 at genfinde dokumenter.&nbsp;<\/em><br><em>Lad os hj\u00e6lpe jer med at bruge tiden p\u00e5 at bygge sk\u00f8nne huse i stedet.<\/em><\/strong><\/p>\n\n\n\n<p class=\"has-text-align-center\">Kilde: FMI White Paper&nbsp;<\/p>\n\n\n\n<p class=\"has-text-align-right\"><br><strong><a href=\"https:\/\/mitbyggeri.dk\/?page_id=72\" data-type=\"page\" data-id=\"72\">Hvordan virker det?<\/a><\/strong><\/p>\n\n\n\n<p><\/p>\n","protected":false},"excerpt":{"rendered":"<p>Din kundeservice platform Vores f\u00e6lles digitale skrivebord Det samlede byggeforl\u00f8b tager typisk flere \u00e5r fra byggeid\u00e9 til f\u00e6rdigt hus. Din Bygge App hj\u00e6lper med at holde styr p\u00e5 alle aftaler og detaljer .. og med simpel adgang p\u00e5 mobilen Enkel adgang til dem du inviterer Mange er involverede i byggeforl\u00f8bet. [&hellip;]<\/p>\n","protected":false},"author":1,"featured_media":0,"parent":0,"menu_order":0,"comment_status":"closed","ping_status":"closed","template":"","meta":{"footnotes":""},"class_list":["post-71","page","type-page","status-publish","hentry"],"_links":{"self":[{"href":"https:\/\/mitbyggeri.dk\/index.php?rest_route=\/wp\/v2\/pages\/71","targetHints":{"allow":["GET"]}}],"collection":[{"href":"https:\/\/mitbyggeri.dk\/index.php?rest_route=\/wp\/v2\/pages"}],"about":[{"href":"https:\/\/mitbyggeri.dk\/index.php?rest_route=\/wp\/v2\/types\/page"}],"author":[{"embeddable":true,"href":"https:\/\/mitbyggeri.dk\/index.php?rest_route=\/wp\/v2\/users\/1"}],"replies":[{"embeddable":true,"href":"https:\/\/mitbyggeri.dk\/index.php?rest_route=%2Fwp%2Fv2%2Fcomments&post=71"}],"version-history":[{"count":13,"href":"https:\/\/mitbyggeri.dk\/index.php?rest_route=\/wp\/v2\/pages\/71\/revisions"}],"predecessor-version":[{"id":145,"href":"https:\/\/mitbyggeri.dk\/index.php?rest_route=\/wp\/v2\/pages\/71\/revisions\/145"}],"wp:attachment":[{"href":"https:\/\/mitbyggeri.dk\/index.php?rest_route=%2Fwp%2Fv2%2Fmedia&parent=71"}],"curies":[{"name":"wp","href":"https:\/\/api.w.org\/{rel}","templated":true}]}}